se 4.
-221131202
-19a7b (base 13) to base 9
-75675
What is 2267346 (base 8) in base 5?
124240324
Convert 10404421 (base 5) to base 2.
10110010001100100
-68252 (base 13) to base 2
-101110001110100011
3142785 (base 11) to base 13
11bb884
What is 1031114 (base 8) in base 6?
5521124
Convert a2015 (base 14) to base 3.
201210112010
-a8cb4 (base 13) to base 7
-2411160
Convert -11321111 (base 4) to base 11.
-17164
bc5b (base 15) to base 3
2000202012
-6d8eb2 (base 16) to base 8
-33307262
Convert 214034 (base 8) to base 9.
118325
Convert 49141 (base 16) to base 6.
10225441
1120012021112 (base 3) to base 14
17895c
Convert 444230002 (base 5) to base 9.
3584807
-23132102202 (base 4) to base 7
-34364442
-5339 (base 10) to base 5
-132324
What is -110100101100101010 (base 2) in base 12?
-a4ab6
Convert 13060354 (base 7) to base 3.
2020111212011
3bd85 (base 14) to base 4
210022001
Convert -9949001 (base 10) to base 15.
-d17cbb
What is -18a6b8 (base 12) in base 11?
-276360
What is 29cd6 (base 16) in base 9?
280776
-1326104 (base 8) to base 2
-1011010110001000100
What is 3448037 (base 11) in base 7?
102144515
-9072 (base 14) to base 5
-1243141
What is 51176 (base 8) in base 6?
241434
What is -27448a3 (base 11) in base 10?
-4735448
What is -1e62c0 (base 15) in base 8?
-5534155
-1005255 (base 7) to base 2
-11101001011001110
What is -3250125 (base 6) in base 14?
-430b3
Convert -201123220 (base 4) to base 15.
-2a891
Convert 15d378 (base 15) to base 3.
1222201011012
What is 3454200 (base 6) in base 12?
87360
-475069 (base 10) to base 16
-73fbd
Convert -2c5313 (base 14) to base 15.
-20982a
What is -20442333 (base 7) in base 15?
-2410a0
239792 (base 12) to base 4
2030300132
Convert -313145 (base 8) to base 15.
-20c5c
-50212414 (base 6) to base 10
-1417114
What is -110454 (base 13) in base 6?
-12330343
-1200112221020 (base 3) to base 8
-3327156
5a651 (base 15) to base 6
10102421
Convert 13762044 (base 9) to base 13.
155260c
What is -2202021102011 (base 3) in base 16?
-164eba
Convert -20699 (base 16) to base 14.
-3654d
521502 (base 6) to base 2
1010001110001110
What is 762a3 (base 11) in base 4?
123003230
What is 31303 (base 8) in base 5?
403440
What is -15021a (base 13) in base 4?
-1331212123
Convert -277616 (base 10) to base 3.
-112002211002
What is 1327153 (base 9) in base 3?
1100221011210
-2299b8 (base 13) to base 2
-11001000011110100001
What is 1133133 (base 8) in base 13?
aa74c
Convert 13132012323 (base 4) to base 10.
1958331
What is -149293 (base 10) in base 9?
-246711
Convert 6350805 (base 10) to base 13.
1414896
Convert 4303243411 (base 5) to base 10.
9040481
538c1 (base 15) to base 5
31441411
Convert -21131415 (base 7) to base 8.
-6646560
Convert 32223003 (base 4) to base 2.
1110101011000011
-762587 (base 9) to base 4
-1232333323
Convert 7410349 (base 11) to base 14.
1a3d788
What is -6989430 (base 11) in base 4?
-232210211001
53aac3 (base 14) to base 10
2833939
Convert -2020111121120 (base 3) to base 11.
-743820
What is 721131 (base 8) in base 7?
2011241
Convert -2421513 (base 7) to base 8.
-1131326
-3122203130 (base 4) to base 7
-10415621
What is 5977483 (base 10) in base 3?
102020200120021
-41643541 (base 7) to base 15
-49904a
-1110110110001000110000 (base 2) to base 9
-7281437
Convert -18669 (base 12) to base 16.
-8ab1
What is -43bb9 (base 12) in base 15?
-1b953
What is -5100045 (base 6) in base 7?
-2022605
What is 103230256 (base 7) in base 14?
b645d6
-11212122200110 (base 3) to base 13
-6c9669
What is -560222 (base 10) in base 3?
-1001110110222
What is -a5d8bd (base 15) in base 12?
-2787674
1532531 (base 6) to base 3
11120112101
-35636 (base 14) to base 11
-898a7
What is 751579 (base 10) in base 2?
10110111011111011011
Convert -11451325 (base 6) to base 16.
-58fe5
Convert -11011110010110110 (base 2) to base 11.
-78597
-5127 (base 12) to base 8
-21157
Convert -11223040 (base 6) to base 9.
-575726
1384236 (base 13) to base 5
3040201342
-11000111001100100 (base 2) to base 4
-120321210
Convert 2510555 (base 6) to base 16.
20a47
2320a67 (base 11) to base 3
21122002221100
What is 26bb9 (base 13) in base 4?
101221323
-8995 (base 14) to base 6
-302223
765979 (base 10) to base 5
144002404
What is 5652154 (base 7) in base 15?
dce61
What is 12012212120 (base 3) in base 6?
2111240
What is -2819366 (base 10) in base 15?
-3aa57b
-111010011010010 (base 2) to base 5
-1424111
219603 (base 12) to base 14
dcc95
Convert -151542 (base 14) to base 8.
-2630766
What is 11110001100100010001 (base 2) in base 4?
3301210101
Convert 1592b1 (base 13) to base 4.
2002131101
-1100110111001010111 (base 2) to base 10
-421463
What is -e0e0 (base 16) in base 14?
-16da0
-2020112212201 (base 3) to base 15
-188201
What is 452255101 (base 6) in base 5?
4102001410
-10100012001 (base 3) to base 14
-19d62
Convert -13331021302 (base 4) to base 15.
-2b2dca
Convert 21202101112 (base 3) to base 9.
252345
Convert 1440401 (base 6) to base 9.
135871
What is 6360730 (base 8) in base 5?
413234331
What is 10112 (base 16) in base 10?
65810
-2731255 (base 9) to base 8
-5553421
Convert -11102200112112 (base 3) to base 16.
-23f24f
Convert 866490 (base 10) to base 9.
1560536
-22403444 (base 6) to base 14
-13b964
What is 134324203 (base 6) in base 4?
22123031223
-55001612 (base 8) to base 6
-1100505310
Convert 22799 (base 15) to base 2.
11010110010010111
6163061 (base 7) to base 4
2310032003
Convert -1100000001110010 (base 2) to base 14.
-13d50
What is -113300321 (base 4) in base 10?
-97337
Convert -204511553 (base 7) to base 6.
-1111023312
Convert -13555605 (base 7) to base 4.
-10313022300
Convert 1000101000110011101 (base 2) to base 9.
471225
What is 112220211222 (base 3) in base 7?
2332130
-1987151 (base 11) to base 15
-461d62
What is -9f2e03 (base 16) in base 4?
-213302320003
Convert 2cc473 (base 16) to base 7.
33636400
Convert a584a (base 15) to base 4.
2000023003
Convert -152701 (base 9) to base 2.
-10110111010111000
What is -121110100011 (base 3) in base 8?
-1170523
-181113 (base 10) to base 13
-6458a
Convert -22a5278 (base 11) to base 9.
-7504448
What is 110120202102 (base 3) in base 13?
88976
Convert -8b096 (base 13) to base 12.
-10234a
What is 397091 (base 11) in base 10?
624339
Convert -11677 (base 16) to base 7.
-414556
What is -7266078 (base 9) in base 5?
-1443210441
What is -4314335 (base 6) in base 3?
-101210010212
Convert 44ba8 (base 14) to base 12.
80740
Convert 3589086 (base 10) to base 12.
1251026
What is -959d00 (base 15) in base 7?
-114345231
What is 1040003023 (base 5) in base 15?
2eb628
What is 2221300230 (base 4) in base 2?
10101001110000101100
Convert -598852 (base 11) to base 2.
-11100111100111011001
-11011111101000001001 (base 2) to base 4
-3133220021
Convert 76112 (base 10) to base 14.
1da48
-3220042 (base 6) to base 9
-260828
Convert -60065 (base 7) to base 11.
-a94a
What is 656b95 (base 14) in base 3?
20110122202000
3200222 (base 5) to base 2
1100111111000011
What is 1512143 (base 6) in base 15?
1ad1c
What is 12043303 (base 5) in base 8?
333310
-2840795 (base 11) to base 6
-252455421
Convert 39091 (base 12) to base 13.
2959c
-1a8d7 (base 15) to base 8
-250551
Convert -4217557 (base 8) to base 4.
-10101331233
10212201202220 (base 3) to base 2
111110111010010000111
What is 100175 (base 10) in base 9?
162365
Convert -11101111101011100 (base 2) to base 14.
-32a16
Convert -1110100000010111101 (base 2) to base 8.
-1640275
212301021333 (base 4) to base 9
21108676
Convert 301202014 (base 5) to base 10.
1194009
Convert 12213323222 (base 4) to base 16.
1a7eea
Convert -132313 (base 6) to base 10.
-12213
614552 (base 9) to base 13
c9a22
Convert -10165833 (base 9) to base 7.
-56346021
Convert -202108 (base 10) to base 3.
-101021020111
-45847e (base 16) to base 11
-2631a0a
-b4111 (base 13) to base 4
-1032321012
2654327 (base 10) to base 6
132520315
Convert 150b3 (base 13) to base 15.
bb62
Convert 43313133 (base 5) to base 4.
1122102001
216633 (base 8) to base 11
4aa29
Convert -6045255 (base 7) to base 8.
-2571047
-515704 (base 9) to base 8
-1125546
-271548 (base 9) to base 12
-7b72b
-6d55 (base 15) to base 12
-1155b
Convert 4641365 (base 9) to base 15.
347da8
443566 (base 7) to base 14
206a6
Convert -78691 (base 12) to base 9.
-263361
Convert -300203410 (base 5) to base 16.
-11fbed
Convert 19a6a